*h = -12*h + 10268. List the prime factors of p.
19, 271
Let v(q) = 444*q**3 + 3*q**2 - 3*q. Let m be v(1). Let w = m - 173. Suppose 0 = -3*b + 5*o + 394, -8*b + 5*o + w = -6*b. What are the prime factors of b?
3, 41
Suppose 139713 = 16*p + 109240 - 258071. List the prime factors of p.
2, 71, 127
Let c be (6/10)/(31/(-155)) + -339. Let z = c - -666. List the prime factors of z.
2, 3
Suppose -2*v = w - 4119 - 204, 0 = -w + 4*v + 4329. What are the prime factors of w?
5, 173
Suppose 0 = -13*t + 18*t - 10. Suppose -t*g + 2 = -204. Let x = 151 - g. What are the prime factors of x?
2, 3
Suppose 14 + 14 = -7*v. Let s(w) = 3*w**2 + 9*w - 6. Let f be s(v). List the prime factors of f/21 - (-4719)/21.
3, 5
Let v(c) = c**3 + 2*c**2 + 2*c - 6. Let x be v(2). Suppose -x*d + 23*d - 7812 = 0. What are the prime factors of d?
2, 7, 31
Let b(m) = 3*m + 25. Let o be b(-7). Suppose 5*l = -5*w - 370, o*w + 4*l + 298 = l. Let k = 172 + w. List the prime factors of k.
2, 3
Let d(r) = 132*r**3 + 9 - 133*r**3 - 2*r**2 - 12*r - 6*r**2. What are the prime factors of d(-10)?
7, 47
Let j(u) = 196*u**2 + 7*u + 12. Let i(c) = -197*c**2 - 6*c - 10. Let p(b) = 3*i(b) + 4*j(b). What are the prime factors of p(-2)?
2, 5, 7, 11
Let r(t) = 105*t**2 + 102*t - 1300. What are the prime factors of r(12)?
2, 3761
Suppose 4*s - s - 50799 = -3*t, -21 = -3*t. List the prime factors of s.
2, 3, 7, 13, 31
Let l(t) = t**2 + 2*t - 85. Let o be l(20). Let s = o + -208. List the prime factors of s.
3, 7
Let y = -398 + 2300. Let z = 2813 - y. What are the prime factors of z?
911
Let d = 1768 + -879. Suppose 5*o + 3*y - d = 0, -3*o - 3*y + 543 = -6*y. What are the prime factors of o?
179
Let c(y) = -2*y**2 - 9*y + 39. Let z be c(-7). Suppose 10 = 5*n + 4*i, -2*n - 3*i + 4 = -0. Suppose -n*j + z*j - 4 = 0. List the prime factors of j.
2
Suppose 2*s + 666*l - 22747 = 665*l, 11386 = s - 2*l. What are the prime factors of s?
2, 3, 79
Suppose 0 = 15*p - 140 - 490. Suppose -h - 5*t = -144, -h + 123 = -2*t - p. List the prime factors of h.
3, 53
Let x(y) = y - 55. Let d be x(28). List the prime factors of 5 - 9/(d/3912).
7, 11, 17
Let a = -52 + 53. What are the prime factors of a + -2 + (-1)/((-1)/163)?
2, 3
List the prime factors of ((36/78)/(60/195))/((-6)/(-6268)).
1567
Let t be ((-30)/75)/(3/15). List the prime factors of (t + -16)*(-1332)/37.
2, 3
Let g(l) = -13*l - 33*l + 12 + 7*l. Let t be g(-3). Let y = t + -43. What are the prime factors of y?
2, 43
Let g = 97 - 91. What are the prime factors of (-560 + g)*(3/2)/(-3)?
277
Suppose 3*t = 5*q - 25, -q - t - 2 = 1. Suppose 285 = -k - q*a, -294 = -k + 2*k - a. Let h = -207 - k. What are the prime factors of h?
2, 3, 7
Let v(x) = x**3 + 3*x**2 - 3*x - 5. Let h be v(-3). Let m be h*53*(-4)/(-8). Suppose m = d - 92. What are the prime factors of d?
2, 3, 11
Let j = -10692 - -16804. What are the prime factors of j?
2, 191
Suppose 19*r - 172857 = 59475. What are the prime factors of r?
2, 3, 1019
Let s be 1/3 - (-2 + 14/6). Suppose 3*p - p - 726 = s. List the prime factors of ((-12)/(-42))/(-1) + p/21.
17
Let m be 7*-10*8/(-140). Let t be 4*(7/m - (-3 - -5)). Let a(o) = 101*o**2 + 2*o + 1. List the prime factors of a(t).
2, 5
Let m(f) be the second derivative of f**4/3 - 17*f**3/3 + 10*f**2 - 173*f. List the prime factors of m(-16).
2, 397
Suppose 0 = -l + c + 25424, 3*c - 76308 = -908*l + 905*l. List the prime factors of l.
2, 5, 2543
Let p = 609 + 698. Let v = 2075 - p. List the prime factors of (-2)/(-11) + v/11.
2, 5, 7
Let z(s) = 74*s**2 - 2. Let r be 2/(-2*(2 + -1)). Let k be z(r). List the prime factors of (k/21)/((-5)/(-105)*3).
2, 3
Let j(f) be the third derivative of f**5/6 - 3*f**4/4 - 73*f**3/6 - 28*f**2 - 1. What are the prime factors of j(-6)?
5, 79
Let g = 86878 + -43087. What are the prime factors of g?
3, 11, 1327
Let b(z) = 48*z**2 + 3*z + 14. Let r be b(6). Let l be (r/15 - 4)*-3. Let i = l + 536. What are the prime factors of i?
2, 7
Suppose -25*d - 192 = -26*d. Let n = d + 223. What are the prime factors of n?
5, 83
Let c(h) = 5*h**2 - 12*h - 44. Let r(m) = -2*m**2 - m - 2. Let w(q) = -c(q) - 3*r(q). List the prime factors of w(-22).
2, 3, 17
Suppose -3*s + 5*x + 72789 = 0, -26*s = -28*s + 2*x + 48526. List the prime factors of s.
19, 1277
Let b = -57855 + 82995. List the prime factors of b.
2, 3, 5, 419
Let k(m) be the third derivative of -m**6/120 - m**5/4 - 5*m**4/8 - 3*m**3/2 + m**2. Let y be k(-14). List the prime factors of 1032/20 + 2/y.
2, 13
Let c = -1122 + 2458. Suppose -3*d - 4*g + c = 0, -904 = -26*d + 24*d + 4*g. What are the prime factors of d?
2, 7
Let n = -52 + 50. Let k be (-12)/(-2)*n/(-3 + -1). Suppose -2*d + 20 + 31 = k*v, -2*v = -3*d + 83. What are the prime factors of d?
3
Let x be -2*3/4*(-4)/(-6). Let s be (x/(-6))/(-1) - 3338/(-12). Suppose 4*o + s = 1282. What are the prime factors of o?
251
Let h(u) = 27*u + 2*u**2 - 19 + 0 - 6. Suppose -358 + 85 = 27*c + 186. List the prime factors of h(c).
2, 47
Suppose 0 = -185*u + 186*u - 1, 2*d = 3*u + 3281. What are the prime factors of d?
2, 821
Let a = 214 + -210. Let s(d) = 7*d**2 + 4*d - 2. List the prime factors of s(a).
2, 3, 7
Suppose 2*b - 245 = 19*n - 22*n, 0 = -4*n + b + 345. Let m = n + 233. List the prime factors of m.
2, 3, 53
Suppose -25 = 5*l - 5*t, -12 = 4*l - 0*t - 2*t. Let h be 7/14*(-1 - l). What are the prime factors of (0 + h)/3 - -99?
3, 11
Let q(a) = 9*a - 312 - 15*a - 40*a. What are the prime factors of q(-30)?
2, 3, 89
Let c(u) = 34*u + 6. Let a be c(1). Let g be (36/(-10))/(4/a). List the prime factors of (-1)/3 - 4116/g.
2, 3, 19
Let c(v) = -3*v + 117*v**2 + 2*v + 24*v**2. Let b = 606 - 607. List the prime factors of c(b).
2, 71
Let w(o) = -34*o + 5 + 5 + 22*o**2 - 2*o**3 - 7*o**2 + 6*o**3 - 3*o**3. List the prime factors of w(-14).
2, 11, 31
Let j = 2889 - 1836. Let k = j - 671. List the prime factors of k.
2, 191
Suppose -2*a = -16*a + 168742. Suppose -a = -24*s - 1757. What are the prime factors of s?
3, 11, 13
Let g(f) = -2*f + 8. Let d be g(-3). Suppose 8*r - d*r = -18. Suppose -r*t + 78 = -0*t. What are the prime factors of t?
2, 13
Suppose 6 + 90 = 4*t. Let c be 350/(-8) - t/(-32). Let l = -32 - c. What are the prime factors of l?
11
Suppose 0 = -5*p - 4*j + 146577, 165*j = p + 167*j - 29307. What are the prime factors of p?
109, 269
Let x(g) = 5*g**3 + 19*g**2 - 6*g + 9. List the prime factors of x(-4).
17
Let b be (-1420)/12 - (-2 + (-8)/(-12)). Let c = b + 230. What are the prime factors of c?
113
Suppose -186*l + 4370 - 10754 = -95850. What are the prime factors of l?
13, 37
List the prime factors of ((-3)/(-12))/((-181)/(-41406284)).
57191
Suppose -82 = -4*k + 2*i, 2*i - i = -3. Let j = 27 - k. List the prime factors of 45/(5 - j)*-5.
3, 5
Let t(p) = p**2 - 3*p - 3. Let c be t(4). Suppose 18*m + 3627 = -21*m. List the prime factors of c + (-574)/(-10) - m/155.
59
Suppose -124*h - 69471 = -151*h. What are the prime factors of h?
31, 83
Let g be ((-380)/(-57))/((-2)/(-177)). Let n = g + -414. Let b = n + -49. List the prime factors of b.
127
Suppose 4*d - 2334 - 22 = 2*u, 0 = 2*d - 4*u - 1178. Suppose d = -4*r + 5*s, r - 758 = 6*r + s. Let j = -69 - r. List the prime factors of j.
2, 41
Let y(h) = 630*h**2 - 24*h - 19. What are the prime factors of y(3)?
7, 797
Let g be (-3)/(6/(-8)) - (-1157 - 22). Suppose 8*z - g = z. List the prime factors of z.
13
Suppose 21 - 56 = -7*w. Let j be 4/(-20) + ((-63)/w)/(-3). Suppose -5*y + 928 = j*f, f - 43 = -2*y + 192. What are the prime factors of f?
227
Let w(b) be the first derivative of 34*b**2 - 7*b - 2. Let g(j) = -j**3 + 6*j**2 - 9*j + 7. Let o be g(4). What are the prime factors of w(o)?
197
Suppose -4*p - 4*v + 120 = 0, -6*v - 46 = -2*p - v. Suppose 0 = 24*h - p*h + 12. List the prime factors of -2 + h - (0 + 1*-22).
23
Suppose 4*r = 2*r + 5*k - 71, 3*k = -3*r - 75. Let n be (0 + 0)/(56/r). Suppose -5*m - 3*y = -m - 478, n = 3*y + 6. List the prime factors of m.
11
Let m(c) = 2*c**3 + 88*c**2 - 66*c + 56. List the prime factors of m(-44).
2, 5, 37
Let a = -341 - -335. Let u(m) = -59*m + 68. What are the prime factors of u(a)?
2, 211
Suppose -b + 2*k - 13 = -4*b, -2*b + 11 = -k. Suppose 5 = 5*v - b. What are the prime factors of ((-8)/(-1))/(v/21)?
2, 3, 7
Let z be (4/2*1)/(-1). 